{"id":225,"date":"2020-05-23T20:58:32","date_gmt":"2020-05-23T20:58:32","guid":{"rendered":"http:\/\/dps-conseil.com\/?page_id=225"},"modified":"2020-07-04T18:18:40","modified_gmt":"2020-07-04T18:18:40","slug":"ameliorer","status":"publish","type":"page","link":"https:\/\/dps-conseil.com\/index.php\/ameliorer\/","title":{"rendered":"Ameliorer Vos Activit\u00e9s&#8230;"},"content":{"rendered":"<div  id=\"cta-1\" class=\"cta-centered-bg-section content-section content-section-spacing-medium white-text\" style=\"background-color: rgb(245, 250, 253); background-image: url(&quot;http:\/\/dps-conseil.com\/wp-content\/uploads\/2020\/05\/business-strategy.jpg&quot;); background-size: cover; background-position: center top;\" data-label=\"Cta\" data-id=\"cta--1\" data-export-id=\"cta-centered-bg-section\" data-category=\"cta\" data-section-ov=\"1\" data-parallax-depth=\"20\">\n<div  class=\"gridContainer\">\n<div  class=\"row text-center\">\n<div  class=\"\" data-type=\"column\"><h1  class=\"\"><span  style=\"font-size: 3rem; font-weight: 700;\">Ameliorez Vos Activit\u00e9s\u2026<\/span><\/h1>\n\n<\/div>\n<\/div>\n<\/div>\n<\/div><div  id=\"content-3\" class=\"content-15 content-section content-section-spacing\" style=\"background-color: #ffffff;\" data-label=\"Content\" data-id=\"content--3\" data-export-id=\"content-15\" data-category=\"content\">\n<div  class=\"gridContainer\">\n<div  class=\"row middle-sm\">\n<div  class=\"col-sm-6 flexbox around-xs top-xs space-bottom-xs space-top-xs\">\n<div  class=\"overlay-box flexbox middle-xs center-xs overlay-holder\">\n<div  class=\"overlay-box-offset offset-border shadow-medium border-color2 hide-xs\"><\/div>\n<img decoding=\"async\"  class=\"flexbox shadow-large img1\" title=\"cropped-digital-Africa2-2.jpg\" src=\"http:\/\/dps-conseil.com\/wp-content\/uploads\/2020\/05\/cropped-digital-Africa2-2.jpg\" alt=\"\" data-size=\"500x500\">\n\n<\/div>\n<\/div>\n<div  class=\"col-sm-6\" data-type=\"column\">\n<h2  class=\"\"><span  style=\"font-weight: bold; color: #008080;\">Strat\u00e9gie du march\u00e9 de l\u2019\u00e9nergie<\/span><\/h2>\n<ul  class=\"\">\n \t<li >\n<h5 >Planification strat\u00e9gique<\/h5>\n<\/li>\n \t<li >\n<h5 >Politique \u00e9nerg\u00e9tique aux niveaux r\u00e9gional et national<\/h5>\n<\/li>\n \t<li >\n<h5 >D\u00e9veloppement des march\u00e9s de l\u2019\u00e9nergie<\/h5>\n<\/li>\n \t<li >\n<h5 >R\u00e9formes juridiques et r\u00e9glementaires<\/h5>\n<\/li>\n \t<li >\n<h5 >Aide \u00e0 la restructuration du secteur de l\u2019\u00e9nergie<\/h5>\n<\/li>\n \t<li >\n<h5 >Plans directeurs des syst\u00e8mes \u00e9lectriques d\u2019un r\u00e9gion ou un pays<\/h5>\n<\/li>\n<\/ul>\n<\/div>\n<\/div>\n<\/div>\n<\/div><div  id=\"content-4\" class=\"content-16 content-section content-section-spacing\" style=\"background-color: rgb(229, 229, 229); background-image: none;\" data-label=\"Content\" data-id=\"content--4\" data-export-id=\"content-16\" data-category=\"content\">\n<div  class=\"gridContainer\">\n<div  class=\"row middle-sm\">\n<div  class=\"col-sm-6 space-bottom-xs\" data-type=\"column\">\n<h2  class=\"\"><span  style=\"font-weight: bold; color: #008080;\">Conseil et strat\u00e9gie d\u2019entreprise<\/span><\/h2>\n<ul  class=\"\">\n \t<li >\n<h5 >Analyse strat\u00e9gique du march\u00e9<\/h5>\n<\/li>\n \t<li >\n<h5 >Gestion du d\u00e9veloppement des affaires<\/h5>\n<\/li>\n \t<li >\n<h5 >Repr\u00e9sentation et&nbsp; d\u00e9veloppement commercial<\/h5>\n<\/li>\n \t<li >\n<h5 >Identification des clients et des partenaires<\/h5>\n<\/li>\n \t<li >\n<h5 >Gestion des approvisionnements en \u00e9quipements et pi\u00e8ces de rechanges<\/h5>\n<\/li>\n \t<li >\n<h5 >Plans d\u2019affaires, statuts, gouvernances, op\u00e9rations, financement de projets<\/h5>\n<\/li>\n<\/ul>\n<\/div>\n<div  class=\"col-sm-6 flexbox around-xs top-xs space-top-xs space-bottom-xs first-xs last-sm\">\n<div  class=\"overlay-box flexbox middle-xs center-xs overlay-holder\">\n<div  class=\"overlay-box-offset offset-border shadow-medium border-color2 hide-xs\"><\/div>\n<img decoding=\"async\"  class=\"flexbox shadow-large img1\" title=\"53492777_m\" src=\"http:\/\/dps-conseil.com\/wp-content\/uploads\/2020\/05\/53492777_m.jpg\" alt=\"\" data-size=\"500x500\">\n\n<\/div>\n<\/div>\n<\/div>\n<\/div>\n<\/div>","protected":false},"excerpt":{"rendered":"<p>Ameliorez Vos Activit\u00e9s\u2026 Strat\u00e9gie du march\u00e9 de l\u2019\u00e9nergie Planification strat\u00e9gique Politique \u00e9nerg\u00e9tique aux niveaux r\u00e9gional et national D\u00e9veloppement des march\u00e9s de l\u2019\u00e9nergie R\u00e9formes juridiques et r\u00e9glementaires Aide \u00e0 la restructuration du secteur de l\u2019\u00e9nergie Plans directeurs des syst\u00e8mes \u00e9lectriques d\u2019un r\u00e9gion ou un pays Conseil et strat\u00e9gie d\u2019entreprise Analyse strat\u00e9gique du march\u00e9 Gestion du d\u00e9veloppement&hellip; <br \/> <a class=\"read-more\" href=\"https:\/\/dps-conseil.com\/index.php\/ameliorer\/\">Read more<\/a><\/p>\n","protected":false},"author":1,"featured_media":0,"parent":0,"menu_order":0,"comment_status":"closed","ping_status":"closed","template":"pro\/page-templates\/page-with-small-header.php","meta":{"footnotes":""},"class_list":["post-225","page","type-page","status-publish","hentry"],"_links":{"self":[{"href":"https:\/\/dps-conseil.com\/index.php\/wp-json\/wp\/v2\/pages\/225","targetHints":{"allow":["GET"]}}],"collection":[{"href":"https:\/\/dps-conseil.com\/index.php\/wp-json\/wp\/v2\/pages"}],"about":[{"href":"https:\/\/dps-conseil.com\/index.php\/wp-json\/wp\/v2\/types\/page"}],"author":[{"embeddable":true,"href":"https:\/\/dps-conseil.com\/index.php\/wp-json\/wp\/v2\/users\/1"}],"replies":[{"embeddable":true,"href":"https:\/\/dps-conseil.com\/index.php\/wp-json\/wp\/v2\/comments?post=225"}],"version-history":[{"count":37,"href":"https:\/\/dps-conseil.com\/index.php\/wp-json\/wp\/v2\/pages\/225\/revisions"}],"predecessor-version":[{"id":428,"href":"https:\/\/dps-conseil.com\/index.php\/wp-json\/wp\/v2\/pages\/225\/revisions\/428"}],"wp:attachment":[{"href":"https:\/\/dps-conseil.com\/index.php\/wp-json\/wp\/v2\/media?parent=225"}],"curies":[{"name":"wp","href":"https:\/\/api.w.org\/{rel}","templated":true}]}}